?
3
What is the remainder when 5606 is divided by 224?
6
Calculate the remainder when 33615 is divided by 22.
21
Calculate the remainder when 1893 is divided by 1493.
400
Calculate the remainder when 6584 is divided by 287.
270
What is the remainder when 35566 is divided by 1148?
1126
Calculate the remainder when 1003 is divided by 167.
1
Calculate the remainder when 50232 is divided by 197.
194
What is the remainder when 12993 is divided by 103?
15
What is the remainder when 181885 is divided by 398?
397
Calculate the remainder when 2044 is divided by 667.
43
What is the remainder when 13872 is divided by 13853?
19
What is the remainder when 33913 is divided by 889?
131
Calculate the remainder when 189233 is divided by 47299.
37
What is the remainder when 272942 is divided by 691?
688
Calculate the remainder when 1225 is divided by 257.
197
What is the remainder when 1377030 is divided by 86?
84
What is the remainder when 451848 is divided by 83?
79
Calculate the remainder when 1915 is divided by 436.
171
What is the remainder when 13588 is divided by 135?
88
What is the remainder when 28910 is divided by 1932?
1862
What is the remainder when 10686 is divided by 2669?
10
Calculate the remainder when 43843 is divided by 28.
23
What is the remainder when 1495 is divided by 987?
508
What is the remainder when 1422 is divided by 416?
174
What is the remainder when 21555 is divided by 1347?
3
Calculate the remainder when 7839 is divided by 187.
172
What is the remainder when 78554 is divided by 244?
230
What is the remainder when 803 is divided by 401?
1
Calculate the remainder when 2145 is divided by 376.
265
Calculate the remainder when 3197 is divided by 288.
29
Calculate the remainder when 1537 is divided by 394.
355
What is the remainder when 35668 is divided by 26?
22
Calculate the remainder when 4235 is divided by 321.
62
Calculate the remainder when 14100 is divided by 490.
380
Calculate the remainder when 1292 is divided by 608.
76
Calculate the remainder when 25508 is divided by 4251.
2
Calculate the remainder when 11695 is divided by 157.
77
What is the remainder when 280898 is divided by 1093?
1090
What is the remainder when 248548 is divided by 107?
94
What is the remainder when 233540 is divided by 6487?
8
What is the remainder when 344695 is divided by 51?
37
What is the remainder when 4386 is divided by 141?
15
Calculate the remainder when 2307 is divided by 121.
8
Calculate the remainder when 5299 is divided by 499.
309
What is the remainder when 22772 is divided by 99?
2
What is the remainder when 49454 is divided by 51?
35
What is the remainder when 50931 is divided by 10178?
41
Calculate the remainder when 15883 is divided by 197.
123
What is the remainder when 360 is divided by 54?
36
Calculate the remainder when 9176 is divided by 384.
344
What is the remainder when 129677 is divided by 41?
35
Calculate the remainder when 11671 is divided by 324.
7
Calculate the remainder when 11980 is divided by 11970.
10
What is the remainder when 7868 is divided by 225?
218
What is the remainder when 61720 is divided by 9?
7
What is the remainder when 761721 is divided by 88?
81
Calculate the remainder when 162777 is divided by 3463.
16
What is the remainder when 3049 is divided by 55?
24
What is the remainder when 20975 is divided by 24?
23
What is the remainder when 104758 is divided by 12?
10
What is the remainder when 1004 is divided by 801?
203
What is the remainder when 273089 is divided by 34134?
17
What is the remainder when 1357 is divided by 136?
133
What is the remainder when 245329 is divided by 6133?
9
What is the remainder when 36953 is divided by 7388?
13
Calculate the remainder when 57274 is divided by 26.
22
What is the remainder when 1504 is divided by 23?
9
What is the remainder when 53310 is divided by 276?
42
Calculate the remainder when 9747 is divided by 9678.
69
What is the remainder when 352 is divided by 78?
40
Calculate the remainder when 34907 is divided by 100.
7
Calculate the remainder when 874 is divided by 546.
328
What is the remainder when 20141 is divided by 10045?
51
What is the remainder when 58348 is divided by 58338?
10
What is the remainder when 237316 is divided by 37?
35
Calculate the remainder when 61241 is divided by 2187.
5
Calculate the remainder when 21127 is divided by 92.
59
Calculate the remainder when 3117 is divided by 277.
70
Calculate the remainder when 1900 is divided by 1881.
19
Calculate the remainder when 4467 is divided by 63.
57
What is the remainder when 46416 is divided by 1934?
0
Calculate the remainder when 7504 is divided by 282.
172
What is the remainder when 23991 is divided by 48?
39
What is the remainder when 8747 is divided by 6?
5
What is the remainder when 2077 is divided by 24?
13
Calculate the remainder when 98629 is divided by 52.
37
What is the remainder when 2723652 is divided by 971?
968
Calculate the remainder when 2795 is divided by 42.
23
What is the remainder when 91239 is divided by 222?
219
What is the remainder when 37021 is divided by 5288?
5
What is the remainder when 18638 is divided by 1154?
174
What is the remainder when 13343 is divided by 1026?
5
What is the remainder when 12993 is divided by 370?
43
What is the remainder when 704 is divided by 270?
164
What is the remainder when 3519 is divided by 49?
40
Calculate the remainder when 387777 is divided by 140.
117
Calculate the remainder when 12685 is divided by 235.
230
Calculate the remainder when 1210194 is divided by 355.
354
What is the remainder when 93903 is divided by 364?
355
What is the remainder when 1364 is divided by 492?
380
What is the remainder when 3725 is divided by 523?
64
Calculate the remainder when 5244 is divided by 93.
36
What is the remainder when 12543 is divided by 161?
146
Calculate the remainder when 2705 is divided by 46.
37
What is the remainder when 26628 is divided by 23?
17
What is the remainder when 113513 is divided by 52?
49
What is the remainder when 4715 is divided by 213?
29
Calculate the remainder when 50548 is divided by 337.
335
Calculate the remainder when 916644 is divided by 61.
58
What is the remainder when 11758 is divided by 2935?
18
Calculate the remainder when 3939 is divided by 1883.
173
Calculate the remainder when 245877 is divided by 24.
21
Calculate the remainder when 1036 is divided by 1022.
14
Calculate the remainder when 361376 is divided by 76.
72
Calculate the remainder when 6763 is divided by 67.
63
Calculate the remainder when 13136 is divided by 45.
41
Calculate the remainder when 23985 is divided by 131.
12
Calculate the remainder when 44916 is divided by 205.
21
Calculate the remainder when 3907 is divided by 103.
96
What is the remainder when 157886 is divided by 4?
2
Calculate the remainder when 2469 is divided by 755.
204
Calculate the remainder when 642 is divided by 619.
23
What is the remainder when 142742 is divided by 10195?
12
What is the remainder when 4176 is divided by 95?
91
What is the remainder when 28216 is divided by 63?
55
What is the remainder when 72359 is divided by 97?
94
Calculate the remainder when 5919 is divided by 982.
27
Calculate the remainder when 116201 is divided by 642.
641
What is the remainder when 2108 is divided by 164?
140
What is the remainder when 36008 is divided by 130?
128
What is the remainder when 1903 is divided by 664?
575
What is the remainder when 1822 is divided by 109?
78
What is the remainder when 2443 is divided by 415?
368
What is the remainder when 22400 is divided by 90?
80
Calculate the remainder when 219839 is divided by 160.
159
What is the remainder when 344 is divided by 218?
126
What is the remainder when 102286 is divided by 187?
184
What is the remainder when 19918 is divided by 44?
30
What is the remainder when 8561 is divided by 165?
146
What is the remainder when 26499 is divided by 449?
8
What is the remainder when 16484 is divided by 1831?
5
What is the remainder when 18161 is divided by 394?
37
What is the remainder when 12254 is divided by 173?
144
Calculate the remainder when 15362 is divided by 181.
158
What is the remainder when 10000 is divided by 106?
36
Calculate the remainder when 1548 is divided by 681.
186
What is the remainder when 375317 is divided b